rime?
False
Suppose -5*b = 5*l - 95, 7*l - 2*l - 4*b - 59 = 0. Let y be (-3)/(-6)*174/9*l. Suppose -109*u + y = -108*u. Is u a prime number?
False
Suppose -53*b + 11641902 = -140*b + 63374625. Is b a composite number?
True
Let s(w) be the third derivative of -w**5/60 + w**4/3 + 11*w**3/6 + 34*w**2. Let o be s(9). Is 42224/126 - o/18 composite?
True
Suppose -54*v - 500363 = -p - 49*v, -4*v = 8. Is p a prime number?
False
Suppose -5*a + 2*h + 219263 = 0, -3*a + 5*h + 43848 = -2*a. Is a a prime number?
True
Suppose 4*d = -3*a - 9 + 21, 0 = -3*d + 5*a + 38. Is 222642/81 - (-2)/d prime?
True
Let c = 30726 + 23417. Is c composite?
True
Suppose 50*p + 2554287 = 227*p. Is p prime?
True
Is 5 - (-4 + 10) - -155946 a prime number?
False
Suppose -3*w + 10 = -4*f, 0*w - 2*f = 5*w - 34. Is w/(-9) + 1 + 84968/39 prime?
True
Let z(r) = 2343*r**2 + 69*r + 143. Is z(-10) a prime number?
False
Let z = 51 + -55. Let o be (-2)/z*(-24)/(-1 - 2). Suppose -6*t + 18930 = o*t. Is t prime?
False
Suppose -673206 = -2*q - m + 276867, 3*q - 1425113 = 2*m. Is q prime?
True
Let k = -768 - -768. Suppose 6*c - 8*c + 40334 = 4*v, -c + 5 = k. Is v composite?
True
Is 13 + (3548*(-7 + 15) - 4) composite?
False
Let d = -221 + 238. Is (-14 + d)/(2/2) + 124 a composite number?
False
Let c(z) = -z**2 - 23*z + 49. Let s(n) = 3*n**2 + 44*n - 28. Let i be s(-15). Is c(i) a prime number?
True
Let i be (-74)/(2/(-4) + 0). Let h = 3084 - 3080. Suppose h*g + i = 1416. Is g a composite number?
False
Let h(m) = 4*m**2 - 7*m - 47. Let l(c) = 6*c - 50. Let s be l(5). Is h(s) composite?
False
Let x(d) = 36121*d**2 - 92*d + 189. Is x(2) a prime number?
False
Let c = -1186161 + 594393. Is ((-12)/(-16))/((-54)/c) composite?
False
Let s = -625 + 672. Suppose 0 = -s*o + 8*o + 179205. Is o a composite number?
True
Let t(n) = 1. Let u(v) = -19*v - 35. Let b(c) = 58*c + 105. Let q(o) = 3*b(o) + 8*u(o). Let k(p) = -q(p) + 4*t(p). Is k(-22) a composite number?
True
Let b be (0 - (0 + 1))*(-9 + 8). Is 102172/98 - (b + 10/(-7)) a composite number?
True
Let v = 926 - 924. Suppose 0 = -3*g + q + 5, -4*g - 5*q - 3 = -35. Suppose -g*s = -v*s - 895. Is s prime?
False
Let n(t) = -35*t - 7. Let h(y) be the third derivative of -y**6/120 + y**5/20 - y**4/24 + y**3/3 + 13*y**2. Let d be h(4). Is n(d) a prime number?
False
Suppose h + 294 = -6*h. Let z be 7/h + 5/(-12)*-10. Suppose -1144 - 420 = -z*l. Is l a composite number?
True
Let c = 54303 - 29442. Suppose -14*s = -11*s - c. Is s a composite number?
False
Is 156093 + (-5)/(6 + -1)*4 composite?
False
Suppose -4*q + 5*q = 4*d + 273, d - 3*q = -60. Let m = d - -71. Let b(r) = 90*r + 7. Is b(m) a prime number?
False
Let o be 2 - 6 - (15 - 20893). Let c = -3815 + o. Is c prime?
False
Let y = 28027 + -1148. Is y a composite number?
False
Let o(t) = -2*t**2 - t**3 + 5*t**2 + 6 + 10*t - 5*t**2 - 2*t**2. Let r be o(-11). Let u = r - -618. Is u prime?
True
Let n = 71 - 36. Suppose -n*t + 28*t + 17668 = 0. Suppose -p + 5*p - t = 0. Is p composite?
False
Let g(y) = -1349*y + 1597. Is g(-69) a prime number?
False
Let c = 51870 + -34493. Is c prime?
True
Let q(b) = b**3 - 28*b**2 - 27*b - 4. Let s be q(29). Let j = 121 - s. Is j prime?
True
Suppose 2*c - 6*c = -5*a - 474, 5*c - 613 = -4*a. Suppose 122*t = c*t + 1205. Is t a composite number?
True
Suppose 3*o - 5*h = 4293, 5753 = o + 3*o + 3*h. Let q = -694 + o. Suppose 0 = 2*m - 0*m - q. Is m prime?
False
Suppose -4*x + 1169 = -2*l - 1059, -2*x + 1126 = 2*l. Suppose 0 = c + s + 277, -2*c + 0*s - x = -3*s. Is 6/4*c/(-3) composite?
False
Suppose 3*m - 2*u - 79675 = 125104, -3*m = u - 204785. Is m prime?
True
Suppose -15*z + 537954 + 3694056 = 0. Is z a prime number?
False
Suppose -30117 + 759 = -6*q. Suppose 11*h = 8*h + q. Is h composite?
True
Is 28/(-84) + (-578050)/(-3) a prime number?
False
Let i(h) = -1 - h - 4*h + 3*h - 8. Let n be i(-5). Let d(z) = 528*z + 1. Is d(n) a prime number?
False
Let z be (-9)/63*(-35 - 0). Suppose 0 = -z*t - 4*t + 8271. Is t a prime number?
True
Let j(z) = 12760*z**3 + 25*z**2 - 56*z - 34. Is j(3) a composite number?
False
Let c(r) = 762*r + 11. Let y = -44 - -54. Let g(d) = -5*d + 52. Let x be g(y). Is c(x) prime?
False
Let k(h) = -h**3 + 4*h**2 + 4*h - 22. Let z be k(3). Let w(a) = a - 1. Let y(v) = 23*v**2 - v + 5. Let x(m) = 3*w(m) + y(m). Is x(z) a prime number?
True
Let d(g) = -186*g - 513. Let n(t) = -62*t - 171. Let r(l) = 6*d(l) - 17*n(l). Is r(-16) a composite number?
False
Let n(g) = g**2 - 16*g - 33. Let l be n(18). Let f be 27/(-9)*(-3331)/l. Let z = f - 1574. Is z a composite number?
True
Let n(a) = a**2 + 4*a - 32. Suppose -293 = 6*p + 679. Let i be (2/6)/(3/p*-2). Is n(i) composite?
True
Suppose -78*y + 8130116 = -3432682. Is y composite?
True
Let u be 4/(-14) - 2/(-21)*-18. Let m be (16/(-2))/(u + 0/(-3)). Suppose m*s + 3*k - 910 = 94, -4*s = 5*k - 1004. Is s a prime number?
True
Let c = -33 + 45. Suppose 4*q + c = 0, -3*p + 357 = -q - 0*q. Let n = p - 35. Is n a prime number?
True
Let u = 73445 - 29274. Is u composite?
False
Let g(w) = 2582*w + 1343. Is g(5) prime?
False
Let b = 448542 - 283513. Is b a prime number?
False
Let c(u) = u**2 - 8*u + 10. Let i be c(5). Let a(v) = -131*v + 18. Let g be a(i). Suppose 2*o - o - g = 0. Is o a composite number?
False
Let j = -162008 - -342925. Is j composite?
True
Let d = -28684 + 94445. Is d a composite number?
False
Let z = 697 - 1149. Let h = -275 - z. Is h*5/(4 + 1) a prime number?
False
Let h(x) = -7279*x + 5. Let n(c) = -3*c. Let p(m) = -h(m) - 3*n(m). Is p(1) composite?
False
Let x(w) = -83*w + 56. Let j be x(-19). Suppose 3*v = 827 + j. Suppose -o + v - 237 = 0. Is o a composite number?
True
Let j = -6 - -19. Suppose j = -3*t + 22. Suppose 7*r - 2*r = 2*s - 1985, t*r - 3931 = -4*s. Is s prime?
False
Suppose 0 = 26*f - 38*f + 856356. Suppose -6*s + f - 23153 = 0. Is s a composite number?
True
Suppose 0 = 10*s - 7*s - 429. Let g = 6 + s. Suppose 0 = -3*x + 2*x + g. Is x a composite number?
False
Let y = 10561 - 7064. Suppose -98 = -5*p + y. Is p prime?
True
Let h = 16656 + -7844. Suppose -5*r = -k - h, 0 = 5*k - 6*k + 3. Is r a composite number?
True
Suppose 19*y - 16*y - 1077546 = -4*c, 4*c + 2*y - 1077552 = 0. Is c prime?
False
Suppose 4*m - 392 = -120. Suppose m*v = 76*v - 13192. Is v a prime number?
False
Suppose -6 = m, 0*w - m + 161401 = w. Is w composite?
False
Suppose 4*q = -4*d + 36228, 16*d = 20*d - 8. Is q a prime number?
False
Let m(y) be the third derivative of 7*y**4/8 - 37*y**3/6 - 20*y**2. Let n be m(-6). Let a = n + 498. Is a composite?
True
Let c = 24571 + 2885. Let q = c - 10534. Is q prime?
False
Let o(c) be the third derivative of c**5/30 + c**4/3 + c**3/3 + 13*c**2. Suppose -5*j - 37 - 23 = 0. Is o(j) prime?
False
Let m = -431 + 431. Suppose -29*p + 26*p + 7485 = m. Is p a prime number?
False
Suppose -3*k - 4*b + 5 = 0, 5*k - k + 5*b = 7. Suppose -q + 2422 = k*j, 0 = -3*j - 3 - 12. Is q composite?
False
Suppose 5*l - 1025216 = 3*p, -4*l + 820142 = 1713*p - 1711*p. Is l a composite number?
True
Suppose 24 = 2*d + 14. Suppose -5*a + 3432 = -q + d*q, 4*a = q - 837. Is q a composite number?
False
Let d(k) = 17*k + 14. Suppose -3 = r - 6. Let g be d(r). Suppose -p - g = -5*u + 1408, -3*u - 4*p + 893 = 0. Is u a prime number?
False
Let z(r) = 21*r**2 + 83*r - 3. Let x be z(-8). Let f = x + -454. Is f prime?
True
Let y = 562 + 17007. Is y a prime number?
True
Suppose 25833 - 183 = 10*c. Let x = c + -1523. Is x a composite number?
True
Let g(c) = c**2 + c + 509. Let u be (8/6)/((-2)/(-6)). Suppose -a + h = -2, -2*h + 4*h + u = -a. Is g(a) a prime number?
True
Let k(u) be the second derivative of 11*u**4/2 - 8*u**3/3 + u**2/2 + 2*u - 25. Is k(-6) composite?
False
Suppose -5*n = 20, -5*p + 152295 = -6*n - 158944. Is p a composite number?
True
Let c = 3255 - -1064. Let p(a) = 121*a + 186. Let z be p(-16). Let t = c + z. Is t a composite number?
True
Suppose -4*f - 32718 = -2*u, -5 = -22*f + 23*f. Is u prime?
True
Let u(s) be the third derivative of 8*s**5/15 + 3*s**4/4 - 7*s**3/2 - 5*s**2 + 3*s. Is u(11) prime?
True
Let c(j) = 238*j**3 + 7*j**2 - 7*j + 15. Suppose 2*k = 6*k - 12, -11 = -z - 2*k. Is c(z) composite?
True
Let y be 11/(154/(-92418)) + 4/14. Let s = y + 15102. Is s prime?
True
Suppose 17*p - 83497 - 1299 